758078 a composite number?
True
Is 774679007 prime?
False
Is 65824963 a prime number?
True
Is 5299218979 a prime number?
False
Is 20700311 a prime number?
False
Is 65905437649 a composite number?
False
Is 1471337893 prime?
False
Is 133649827 a composite number?
True
Is 2587930133 composite?
True
Is 5954590567 composite?
False
Is 894437011 a composite number?
True
Is 6993852659 composite?
True
Is 4662021967 prime?
True
Is 94660007 a composite number?
True
Is 589154711 a composite number?
False
Is 31121219149 prime?
True
Is 150585373 prime?
True
Is 707005393 composite?
False
Is 53645740165 prime?
False
Is 12629323661 a prime number?
False
Is 547458313 composite?
True
Is 98543309951 a composite number?
True
Is 6278081989 prime?
True
Is 13026362497 a prime number?
False
Is 940223783 prime?
True
Is 1165055143 composite?
True
Is 10737491201 prime?
True
Is 119375231659 composite?
False
Is 462582431 composite?
True
Is 1734491431 composite?
True
Is 5572669 a composite number?
True
Is 9220247753 prime?
False
Is 256973293 composite?
False
Is 7705179011 a composite number?
True
Is 479796259 prime?
True
Is 64323752765 a composite number?
True
Is 9364658881 prime?
False
Is 4804109041 prime?
True
Is 3635383177 a prime number?
True
Is 2277258743 composite?
False
Is 704759677 a composite number?
True
Is 962304403 composite?
True
Is 27564777083 a prime number?
True
Is 205362015245 prime?
False
Is 373691693 composite?
False
Is 1534205069 a prime number?
False
Is 1937569351 prime?
True
Is 144640519 a prime number?
False
Is 9088222289 a prime number?
False
Is 113232057559 a composite number?
False
Is 11855450431 a prime number?
False
Is 71209045951 composite?
False
Is 96855637 prime?
False
Is 7071098537 a prime number?
False
Is 4055798687 prime?
True
Is 4405856491 a prime number?
False
Is 1247292017 a prime number?
True
Is 61451654813 a composite number?
False
Is 1682149397 composite?
False
Is 951283259 prime?
False
Is 9841012309 composite?
True
Is 48691049677 a composite number?
True
Is 7470621577 composite?
False
Is 210867001 a prime number?
True
Is 67255779581 a composite number?
False
Is 75888878647 a composite number?
False
Is 10568146717 a prime number?
False
Is 645377533 a prime number?
True
Is 4099014889 a composite number?
True
Is 100827206369 composite?
True
Is 204594457 a composite number?
False
Is 168750403 prime?
True
Is 4095766333 a prime number?
False
Is 3584653061 prime?
False
Is 50157113249 prime?
False
Is 57310681283 composite?
True
Is 31472636807 a prime number?
True
Is 1116775321 a prime number?
True
Is 60242654489 a composite number?
False
Is 1023036719 a composite number?
False
Is 191485867 prime?
False
Is 1572506879 a composite number?
False
Is 5691887837 composite?
False
Is 812668319 prime?
True
Is 5840212069 prime?
False
Is 978394337 a composite number?
True
Is 5916363491 a prime number?
True
Is 879645619 composite?
True
Is 1381427137 a prime number?
False
Is 350573863 a composite number?
True
Is 6064609255 prime?
False
Is 21440853757 composite?
False
Is 37218747201 a prime number?
False
Is 43290047231 composite?
False
Is 14144216413 a composite number?
True
Is 13824361753 a composite number?
True
Is 270857101 composite?
False
Is 7758385315 prime?
False
Is 736432397 composite?
True
Is 4614474649 a composite number?
False
Is 2807415619 a prime number?
True
Is 5640972353 prime?
False
Is 1755857383 a composite number?
True
Is 42888633041 prime?
True
Is 4341483247 composite?
True
Is 90277713347 prime?
True
Is 48533893 a composite number?
False
Is 1712063803 a composite number?
True
Is 588369149 a prime number?
True
Is 13629492017 composite?
False
Is 8203970773 composite?
False
Is 30271399799 a prime number?
True
Is 3323380667 prime?
True
Is 2645686643 composite?
False
Is 4962641669 a composite number?
False
Is 2633541371 prime?
True
Is 1605905881 a prime number?
False
Is 5215411457 prime?
True
Is 117980201 prime?
True
Is 110715263 a composite number?
True
Is 1359424265 a prime number?
False
Is 182266657 a prime number?
False
Is 196458259 a prime number?
False
Is 5854219387 prime?
False
Is 16098075713 a composite number?
True
Is 197248398833 composite?
True
Is 1779150787 prime?
True
Is 1159717219 a prime number?
False
Is 2266106149 a composite number?
True
Is 8868013639 a prime number?
False
Is 77726021 a prime number?
False
Is 1534818833 prime?
False
Is 54075797 a prime number?
True
Is 18720142877 a prime number?
False
Is 549122638 a composite number?
True
Is 81889427 prime?
True
Is 1415205067 prime?
True
Is 37989798641 composite?
False
Is 14955705577 composite?
True
Is 250348797863 a prime number?
False
Is 25495136741 prime?
True
Is 17128231823 a prime number?
True
Is 3574329493 prime?
False
Is 25258918033 a prime number?
True
Is 3433662721 a composite number?
True
Is 290843503 prime?
False
Is 20717527 a prime number?
True
Is 130936983263 composite?
False
Is 3315790763 a prime number?
False
Is 110058289351 prime?
True
Is 548862913 a composite number?
False
Is 9513814631 a composite number?
True
Is 7435363031 a composite number?
False
Is 120114737921 a composite number?
False
Is 21376116857 a prime number?
False
Is 53113666153 composite?
False
Is 8489710769 a prime number?
True
Is 3376203049 a prime number?
False
Is 8581276783 composite?
True
Is 1780908869 composite?
False
Is 405435526 composite?
True
Is 1097109155 a composite number?
True
Is 337323367 a composite number?
True
Is 39878953 composite?
True
Is 403548991 a prime number?
True
Is 958476433 composite?
True
Is 49908054109 composite?
False
Is 2530805543 a prime number?
False
Is 21674638231 a prime number?
False
Is 174159020273 composite?
True
Is 4718044027 a prime number?
False
Is 116030688223 a composite number?
True
Is 7489831399 prime?
True
Is 2709034987 a composite number?
True
Is 24073329803 composite?
True
Is 1923532805 composite?
True
Is 19535279261 prime?
True
Is 125338154845 a prime number?
False
Is 676137997 composite?
False
Is 6422017757 composite?
False
Is 221196169 composite?
True
Is 1436155543 prime?
True
Is 8850620911 a composite number?
True
Is 34420732601 composite?
False
Is 15592965077 a prime number?
False
Is 49975814374 composite?
True
Is 1996598161 prime?
True
Is 1010317201 prime?
False
Is 2210623027 a prime number?
False
Is 81698663 prime?
True
Is 1107532991 a composite number?
False
Is 1770264511 composite?
False
Is 56279633987 a prime number?
False
Is 1530308309 a composite number?
False
Is 65397253717 a composite number?
False
Is 12564204269 composite?
True
Is 3415238653 a composite number?
False
Is 6737751641 prime?
True
Is 77406016829 a composite number?
True
Is 75592096354 prime?
False
Is 32896780165 composite?
True
Is 1568259113 a prime number?
True
Is 1354893139 a composite number?
True
Is 94092812911 composite?
False
Is 64242975749 a prime number?
True
Is 454139743 composite?
False
Is 206562052933 a prime number?
True
Is 149727433143 composite?
True
Is 579688567 a composite number?
True
Is 20863025177 a prime number?
True
Is 1106228197 composite?
True
Is 3842581669 a composite number?
False
Is 111210174961 a composite number?
False
Is 84739201643 a prime number?
True
Is 148571153 composite?
True
Is 12384277726 composite?
True
Is 7231662803 a composite number?
False
Is 1609479997 a prime number?
True
Is 1318506451 a composite number?
True
Is 85435811 a prime number?
True
Is 74889488227 composite?
False
Is 64251739667 a prime number?
True
Is 978468591 a prime number?
False
Is 42227199467 a prime number?
False
Is 736315231 a prime number?
True
Is 134689673 a prime number?
False
Is 653968409 a composite number?
True
Is 45185006663 a prime number?
False
Is 81081202853 a composite number?
True
Is 172914651041 composite?
True
Is 4828557919 a composite number?
True
Is 1098657059 a prime number?
True
Is 30020632777 prime?
False
Is 14062775761 a composite number?
False
Is 8715088969 a composite number?
False
Is 813272899 composite?
False
Is 2011049629 composite?
True
Is 8780939429 prime?
True
Is 348603763 a composite number?
True
Is 34015400347 a composite number?
False
Is 15133092709 composite?
True
Is 850943777 prime?
False
Is 46842041263 composite?
True
Is 43145519269 a prime number?
True
Is 35640900287 a prime number?
True
Is 53678171087 prime?
False
Is 10